= 2*i - 2*n + 6. Calculate the highest common divisor of t and i.
10
Suppose -64*i - 2610 = -70*i. What is the highest common divisor of i and 15?
15
Let h(r) = -2 - 6*r**3 - 11*r**2 + 5*r**3 + 0*r**3. Let q be h(-11). Let v be 31 - (q - 2)/(-4). What is the highest common divisor of v and 20?
10
Suppose -3*g = -6 - 0. Suppose g - 8 = y. Let n be ((-20)/y)/((-1)/(-3)). Calculate the highest common divisor of 15 and n.
5
Suppose n - 3*t - t = -10, 1 = 2*n - t. Let r = -148 + 151. Suppose -n*x = -r*x + 60. What is the greatest common divisor of x and 30?
30
Let s(u) = 18*u**2 + 2*u - 2. Let z be s(1). Let k(j) = 4*j + 144. Let o be k(0). What is the highest common divisor of z and o?
18
Let c = 6 - 15. Let a = c - -11. Let w be a/(-10) - 12/(-10). What is the highest common factor of w and 7?
1
Let o(h) = -h + 30. Let k be o(0). Let l = -14 - -34. What is the greatest common factor of l and k?
10
Let i be (-73 - (-15)/3) + (-8)/2. Let p = i - -140. Calculate the highest common divisor of p and 17.
17
Suppose -3*n + 17 = 2*c, 3*c + 2*c + 3*n = 29. Let m be (-4 + 1*(2 + 3))*0. Suppose 5*g - 36 - 24 = m. Calculate the highest common divisor of c and g.
4
Let q be (-5)/(-10) + (-31)/(-2). Let r = q + -13. Suppose n = r + 15. What is the highest common divisor of 12 and n?
6
Suppose 45 = 4*u - 2*i - 13, -5*u + 3*i = -70. Let n be 6/14 + (-645)/35. Let r be (-105)/(-2) + n/(-12)*-1. What is the highest common factor of u and r?
17
Let s(n) = 14*n**2 + 7. Let g = 27 - 31. Let r be s(g). What is the highest common factor of r and 21?
21
Suppose -9*s = 3*s. Suppose -4*g + 8 = -s, 3*v = 3*g. Let y = 19 - 5. What is the highest common factor of v and y?
2
Let i be -1 - (-1)/((-2)/(-8)). Suppose 3*v = 45 + 153. Suppose v = i*p - p. What is the greatest common factor of p and 11?
11
Let b = 7 + -5. Let y be (b + 15/2)*2. Let s be (-177)/(-9) - 1 - (-16)/48. What is the highest common divisor of y and s?
19
Suppose 3*c + 54 = 234. Suppose 0 = 3*l - 10 - 5. Suppose -l*g + 0*z = -3*z - 63, -z - 26 = -2*g. Calculate the highest common divisor of g and c.
15
Suppose 30*g = 27*g + 7908. Let o be g/10 + (-50)/(-125). What is the highest common factor of o and 24?
24
Let y(s) = s + 8. Let f = 27 + -16. Let k be y(f). Calculate the highest common factor of k and 76.
19
Suppose 0 = -7*q + 2*q - 10. Let w be (1/(-2) - -1)/(q/(-32)). Calculate the highest common factor of 32 and w.
8
Let o(q) = -2*q**2 + 47*q + 31. Let v be o(24). Let u = 17 - -18. What is the greatest common divisor of u and v?
7
Suppose 8*w + 2*n - 129 = 3*w, 0 = 2*w + 2*n - 54. What is the highest common divisor of w and 10?
5
Suppose 2*h - h = 14. Let s(k) = k + 21. Let b be s(-16). Let n be (131/1 - (b + -2)) + -2. What is the greatest common divisor of h and n?
14
Let l = 165 + -108. Let n = 74 - l. What is the highest common divisor of 68 and n?
17
Let z = -8 + 13. Let u be (-3 - (-5 + 6 + -3))*-2. Let k be z/(u + -3 + 2). What is the greatest common factor of 45 and k?
5
Suppose 0 = -24*k + 405 + 2931. Let c = 143 - k. Calculate the highest common divisor of c and 52.
4
Suppose 3*x - 3 = 2*b, b + 1 = -x + 2. Suppose -y + b*y + v = 0, 4*v - 8 = -4*y. Let j(n) = 20*n. Let h be j(y). What is the highest common divisor of h and 5?
5
Let m be 0 - -71 - 4*(-1)/(-4). Let n = -57 + m. What is the highest common factor of 52 and n?
13
Suppose 4*p - 12 = p + o, 2*p + o = 3. Suppose 0 = -2*v - 4*u + 176, v - 39 - 29 = p*u. Suppose v = 4*b - 60. Calculate the greatest common divisor of 14 and b.
7
Let w = -36 + 612. What is the highest common divisor of w and 27?
9
Let t(d) = 7*d + 3*d - 10 + 3*d**2 + 19 - 2*d**2. Let i be t(-9). Suppose -3*l + 42 + 3 = i. Calculate the greatest common divisor of l and 75.
15
Let u(i) = i**2 + 23*i - 57. Let m be u(4). What is the greatest common divisor of m and 36?
3
Let w be 13 - (3 + -1 + -2). Let j be 75/(-10) + (-2)/4. Let t = w + j. Calculate the highest common divisor of 5 and t.
5
Let k = 4 + -1. Suppose -5*m + m + 94 = -3*a, k*m + 5*a = 56. Let i be 308/14*(-2)/(-4). What is the highest common factor of i and m?
11
Let p(x) = -6*x - 3. Let u be p(-2). Suppose 14*j - 45 = u*j. Calculate the highest common divisor of 6 and j.
3
Let v(r) be the first derivative of 17*r**2 + 17*r - 8. Let c be v(7). Suppose 0 = -4*z + c - 55. What is the greatest common factor of z and 5?
5
Suppose -20*m + 212 + 1788 = 0. Calculate the highest common divisor of 325 and m.
25
Let b = -133 + 143. What is the highest common divisor of b and 45?
5
Suppose p + 0*p = 3*l + 93, -4*l - 432 = -5*p. Calculate the greatest common divisor of p and 12.
12
Suppose -5*a = -a - 5*o - 43, -3*a = 5*o - 6. Suppose -3*m + 0*m = -21. Suppose 7 = 2*v - m. Calculate the highest common factor of a and v.
7
Let u(k) = -8*k + 11. Let q(m) = 12*m - 17. Let z(g) = -5*q(g) - 8*u(g). Let t be z(12). What is the greatest common factor of 9 and t?
9
Suppose 3*r + 5*o = 132, 5*r - 8*o = -3*o + 180. What is the highest common factor of 52 and r?
13
Suppose 26 - 67 = 2*w + c, -3*c = -w - 17. Let n = w + 28. Suppose -2*x - 2*v + 99 = -67, 5*x = -2*v + 430. Calculate the highest common factor of n and x.
8
Suppose -7*n + 605 + 1474 = 0. Calculate the greatest common divisor of 22 and n.
11
Let a(z) be the third derivative of -z**4/8 + 7*z**3/6 - z**2. Let c be a(-5). Suppose 0 = -15*s + 18*s - 330. Calculate the highest common factor of s and c.
22
Let u be -33*(15/(-9) + 3 + -2). What is the greatest common divisor of u and 176?
22
Let z = -985 - -2215. What is the greatest common factor of z and 15?
15
Suppose -c - 3*g = 2*c - 60, -3*c + 66 = 5*g. Suppose c - 5 = -a. Let s be a*(1 + (-25)/15). Calculate the greatest common divisor of 8 and s.
8
Suppose 0 = -2*k + 3*a + 4, -2*k = -a + 5*a - 32. Suppose 9*p + 112 = 11*p. What is the highest common divisor of p and k?
8
Let i(z) = -2*z**3 - 31*z**2 + 5*z - 6. Let r be i(-16). Calculate the greatest common factor of 10 and r.
10
Suppose 25*c + 200 = 29*c. What is the greatest common divisor of c and 650?
50
Let c(o) = 4*o**2 - 3*o + 3. Let m be c(2). Let b be 1 + ((-108)/(-1) - -8). What is the highest common factor of m and b?
13
Suppose -2*g - 18 = -3*f, -4*g - 2*f = -7*f + 34. Let m be 3/(-2)*32/g. Suppose 6*n + 7 = 79. Calculate the greatest common divisor of m and n.
4
Let h be (-3)/12 + (-44)/16. Let y = h + 0. Let q be (y - 0 - -4)*11. Calculate the highest common factor of q and 77.
11
Suppose 2*d = -4*t + 150, d = 2*d - t - 60. Let r = d - 35. Let u(j) = j**2 - 24*j + 149. Let x be u(11). What is the greatest common divisor of r and x?
6
Let m be 26/(-143) + 266/11 + 1. Calculate the highest common divisor of 20 and m.
5
Suppose 2*s - 4*s + p + 77 = 0, s - 2*p - 31 = 0. Calculate the highest common divisor of 82 and s.
41
Let t = 1024 - 551. Calculate the greatest common divisor of t and 22.
11
Suppose -5*s = 15, 20*c - 91 = 15*c - 3*s. Suppose 51*m + c = 55*m. Let q = -113 - -158. What is the highest common divisor of q and m?
5
Let c = -9329 - -9359. Let h = 44 + 3. Suppose -4*q + h = -133. What is the highest common factor of q and c?
15
Suppose 0 = -3*p - 3*b, b + 0*b + 6 = -4*p. Let h be 102/9 - 1*p/(-6). Calculate the highest common factor of 121 and h.
11
Let i(y) = 3*y. Let n be i(3). Suppose -d - 3*d + 88 = 0. Let m = d - n. What is the greatest common factor of 13 and m?
13
Suppose -o = 3*o - 12, 0 = 5*i + 4*o - 162. Calculate the greatest common factor of 30 and i.
30
Suppose -5*n + 4*i + 0 = -15, 0 = -5*i. Suppose -4*l = -n*l - 54. Calculate the greatest common divisor of l and 6.
6
Suppose 5*i = -53 + 173. Calculate the greatest common divisor of 48 and i.
24
Let o = 956 - 506. Calculate the highest common divisor of o and 40.
10
Suppose 7*b - 286 = 3*b + 2*o, 3*b + 2*o = 218. Let i = 26 + -7. Suppose -2*m = n - 7*m - i, 2*m - 14 = -2*n. What is the highest common divisor of n and b?
9
Let m be -1 + -1 - (-384)/3. What is the greatest common factor of m and 42?
42
Suppose -m - 274 + 15 = 0. Suppose 3*u - 7*u = 376. Let l = u - m. Calculate the greatest common divisor of 15 and l.
15
Suppose 0*m - 2*m + 36 = 0. Let x be (-1)/(-3)*m/(-6). Let n be (x - 0)/((-4)/52). Calculate the greatest common divisor of n and 13.
13
Suppose -5*l - f - 129 = 0, 0